?
-5
What is -5 - ((4 - 1) + 4) - -6?
-6
What is -1 + 3 + 12 + -17?
-3
What is (3 + -4 - -3) + 1 + -1?
2
What is the value of (-3 - (-2 + 5)) + (4 - 1)?
-3
Evaluate -55 + 60 - ((1 - 0) + 0).
4
What is the value of -5 + 15 + 5 + -14?
1
Calculate 3 + (-1 - (-1 - (-1 - 2))).
0
Evaluate -12 + 8 - (-4 - -2).
-2
Evaluate 3 + -10 + -2 + 13.
4
Calculate 3 + (2 - 0 - 4).
1
Calculate 3 + 3 + -3 + 6 + -4.
5
14 - 20 - (-7 - -3)
-2
What is the value of 10 - (-7 - (-10 + 4))?
11
What is the value of (8 - 23) + 10 - (-4 - -1)?
-2
What is the value of 1 - (-2 + 0 + 1)?
2
What is the value of (-5 - -1) + 0 + 7?
3
0 + -8 + 4 + 1 + 1
-2
What is the value of -214 + 218 + (0 - (0 + 0))?
4
What is -1 - (2 - ((1 - 1) + 4))?
1
What is the value of 4 + (2 - 3) + 1?
4
Calculate 1 + 3 - (10 - 1).
-5
-3 + -1 - (-152 + 151)
-3
Evaluate -1 + 7 + -10 + 6.
2
What is 5 - 7 - (1 + 1) - -2?
-2
Evaluate 12 - 4 - (-9 - -10).
7
Calculate (-19 - -13) + (5 - 2).
-3
Calculate (7 - (26 + -8)) + 11.
0
What is 1 + -7 - (-28 - -28)?
-6
Evaluate -7 + (-5 + 1 - 4 - -7).
-8
What is the value of (-6 - (4 - 11)) + 4?
5
Calculate (3 + -3 - 12) + 7.
-5
Evaluate 6 + (8 - (12 + 14 + -8)).
-4
Evaluate 1 + -7 + 6 + 2.
2
(-3 - (-3 + 8)) + 2 - 0
-6
What is -2 - -1 - (17 + -13) - -2?
-3
What is (0 + -1 - (-30 + 16)) + -6?
7
3 + 2 + (-13 - (4 + -9))
-3
What is 7 + -27 + 15 - (-8 - 0)?
3
What is -7 + 13 + (-3 - 1)?
2
Calculate (1 - 1) + -2 + (-5 - -4).
-3
Evaluate 6 + (-9 - -6) - (4 + 2).
-3
What is 2 + 0 - -7 - (4 - 1)?
6
What is the value of 4 - 1 - (-2 + -6 + 9)?
2
What is (-56 - -55) + 4 + 1 + 0?
4
What is 10 + -16 - (10 - 13)?
-3
What is (9 - 14) + 1 + 1?
-3
What is 4 + (1 - 1 - (2 + -3))?
5
What is the value of 8 + (-15 - -4) - 2?
-5
What is the value of (24 + -2 - 5) + -10?
7
(-8 + 2 - (1 + -1)) + 2
-4
Calculate 0 - (-4 + 6 - 1 - 5).
4
What is the value of 5 + (-9 - (2 + -8))?
2
9 + 6 + -13 + -9
-7
What is the value of 0 + (-8 - -3 - (2 + -9))?
2
-6 - (3 + (-2 - (11 + -5)))
-1
-2 - (1 - 4) - (6 - 0)
-5
What is the value of 6 + -4 + -3 + -1 - 5?
-7
What is the value of -1 - (6 - (-1 + 3))?
-5
Calculate 7 + (-11 - -7) + -5.
-2
Evaluate 7 - 13 - (-2 + -1).
-3
Evaluate (3 - 6) + 1 - 2.
-4
(-1 - 0) + 3 - (6 + -5)
1
What is -6 + 9 + -7 + 9?
5
-4 + -4 - (-9 - -6)
-5
-3 + 5 + -1 + -3
-2
Evaluate -2 + (1 + -3 - -2).
-2
Calculate (1 - 4) + -10 + 14.
1
What is (18 - 13) + 3 + 0 - 4?
4
Calculate (-83 - -80) + 4 + 1.
2
Calculate 3 + (-1 - (2 - 5)) - 7.
-2
What is the value of -2 - 3 - (7 + 2 - 10)?
-4
4 + 1 + (2 - (6 - 1))
2
What is 24 - 20 - (11 - 5)?
-2
Calculate (28 - 37) + 3 + -1.
-7
Evaluate 10 + (-5 - (-10 + 10)).
5
Evaluate 1 + -4 - (-10 + (-4 - -6)).
5
Evaluate 7 + -5 + (-1 - (3 - -2)).
-4
What is the value of 19 - 13 - (0 - -4)?
2
What is the value of (-5 + -1 - -4) + 6 + -2?
2
-8 + 12 + -4 + 1 + -3
-2
What is the value of 2 - (4 + (3 - 2)) - -6?
3
Evaluate (-8 + 4 - -8) + -6.
-2
What is 5 - (0 - -4 - 0)?
1
Evaluate 3 + -4 + 0 - -6.
5
What is 7 - 21 - (-3 - 2)?
-9
Evaluate -8 - (3 + 4 - 3) - -5.
-7
Evaluate 22 - 11 - (0 - -1).
10
-5 - (-5 + -9) - 9
0
What is the value of 1 + -6 - (3 + -3 - 1)?
-4
What is -7 - (13 - 10) - -5?
-5
-28 + 27 + 2 + 2 + -9
-6
Calculate (2 + -4 + 6 - 10) + 0.
-6
What is (0 - -2) + (4 - 5) + 1?
2
Calculate 5 + (2 + -6 - 2).
-1
What is 0 + -3 + (-3 - -8) - 4?
-2
Calculate 14 - (15 - 12 - -2).
9
Evaluate (-3 - 6) + 4 + 1.
-4
What is 64 + -52 + (-2 - (2 + 2))?
6
Calculate 1 - 6 - (-3 - 2) - -1.
1
Evaluate 8 + -12 + 0 + 2.
-2
Calculate -9 - (2 - (0 - (3 - 9))).
-5
-4 - (-3 - -5) - -5
-1
-1 + (-6 - -4 - -5) - -2
4
Evaluate -1 - (5 + 1) - (-72 - -73).
-8
What is the value of (-11 - (-21 + 13)) + 1?
-2
What is 7 + (-4 - 1) + 8 + -3?
7
-7 + 6 + -4 + 8
3
What is (6 - (19 - 9)) + 0 + 2?
-2
Calculate (1 + 1 - -5) + 6 + -7.
6
(-52 - -52 - (-1 + -1)) + -4
-2
What is 2 - (2 + (-10 - (0 - 6)))?
4
Calculate (-3 - -2) + -8 + 9.
0
What is the value of 14 - (17 + -11) - 2?
6
2 + -5 + (4 - (1 + 3))
-3
-5 - (-3 + (1 - 8))
5
(-1 - (-2 - -6)) + 0
-5
Calculate -2 - (2 + 0 - 4).
0
What is -8 - -10 - 2 - 6?
-6
What is the value of 0 + (-4 - -7) + -3 + -5?
-5
(-27 - -23) + 3 + 1 - -3
3
Calculate 0 + (-3 - -10) - (9 + 1).
-3
What is -23 + 35 + (-5 - (-3 - -3))?
7
What is -19 + 5 - -9 - 2?
-7
What is the value of -6 + 0 + 3 + (-2 - 0)?
-5
Calculate (-153 - -150) + -3 + (0 - -1).
-5
Calculate -15 + (1 + 10 - (-59 - -63)).
-8
4 - 5 - (4 + -1)
-4
What is the value of 0 - (0 - 1) - -1?
2
(-6 - (4 + -15)) + -6
-1
1 + 4 + -2 + 1
4
Calculate (7 + 1 - 9) + (-1 - -2).
0
What is -4 + -1 + (1 + 3 - 0)?
-1
What is 1 + 4 + 3 + -13?
-5
Evaluate -1 + 23 + -23 + -6 + 1.
-6
Calculate (8 + -6 - 8 - -17) + -5.
6
Calculate 1 + 2 + -4 - 2 - -4.
1
What is the value of -2 + 0 + -1 + 1 + -3?
-5
What is the value of 8 - 1 - (35 - 25)?
-3
(0 - -2) + 2 + -3 + 2
3
What is (2 + 5 - -3) + -7?
3
Calculate -1 - (-1 - (0 + 2)) - 3.
-1
Evaluate -2 - (-5 + 1 - 1).
3
Evaluate 3 - 6 - -8 - -1.
6
What is -2 + 3 - 1 - (-1 - -5)?
-4
-171 - -177 - (2 + -1 + 5)
0
What is -4 - ((5 - 2 - 7) + 4)?
-4
What is -7 - (3 + -16) - (3 + 0)?
3
What is the value of 2 + (0 - (-4 - 2 - 1))?
9
What is the value of 3 + (-15 - -3) - -14?
5
Calculate -1 + (7 - -5) - (0 - -6).
5
What is 1 + (4 - (6 - -3) - -9)?
5
13 + -4 - 4 - 0
5
0 + (-2 - -6) + -1
3
What is the value of 3 + -2 - (-3 - 0)?
4
What is 1 - ((-5 - -5) + (0 - 1))?
2
1 + 1 + (13 - 14) + -6
-5
What is -2 - (-1 + (3 - 4) + -5)?
5
Evaluate -3 - -3 - -1 - -1.
2
What is the value of (4 - (13 + -7)) + 9 + 1?
8
What is the value of -2 - -12 - (45 - 38)?
3
Evaluate 5 + -3 + -10 - (10 - 16).
-2
5 - (-1 - -1 - -2) - 3
0
What is the value of (0 - (2 + 1)) + (2 - 0)?
-1
What is the value of 3 - 1 - -5 - 6?
1
What is the value of (3 - 0) + 7 + -23 + 16?
3
Calculate -2 - ((7 - 0) + -4).
-5
Evaluate 0 - (2 + -3 + 1) - 5.
-5
What is the value of 6 - 0 - (15 + 6 + -8)?
-7
5 + -3 - 1 - 2
-1
What is the value of 7 - 6 - 2 - -2?
1
What is 20 + -3 + -4 + 0 + -6?
7
What is the value of 7 - 0 - (65 - 64)?
6
Evaluate (4 - (0 + -3)) + -9.
-2
What is 3 + -7 + -2 - -6?
0
Evaluate -1 - -2 - (-15 + (25 - 6)).
-3
Calculate 5 - (-3 + (8 - 0)).
0
What is -3 + 6 - 5 - -5?
3
Evaluate 4 - (9 - (4 + -1) - -3).
-5
Calculate 3 + (0 + -8 - (-34 - -34)).
-5
-2 + (0 - (4 + (3 - 13)))
4
Calculate 3 - (2 + (3 + -3 - 3)).
4
Calculate 6 - 0 - 8 - 2.
-4
Evaluate 5 + -7 + (7 - (-1 + 8)).
-2
Evaluate (-8 - (11 + -9)) + 13.
3
What is 1 + 5 - (-91 - -93)?
4
What is -3 - (-1 - 3 - (1 + -6))?
-4
-9 + 6 + 4 + (4 - -1)
6
-8 - (3 - 8) - -9
6
Evaluate -5 - (-5 + 0 + 6).
-6
Calculate (-4 - (7 - 7)) + 6.
2
What is the value of -2 + -1 + -59 + 64?
2
Evaluate -1 + 0 - (1 - -5 - 13).
6
What is 1 - -1 - 1 - 0?
1
Evaluate -6 + -8 + 14 + -2 + 4.
2
What is the value of 2 + 5 + -2 - (-27 - -33)?
-1
Evaluate 4 + 1 - (-1 - (1 + -2)).
5
What is 0 - -3 - 8 - -2?
-3
4 + -3 + (0 - 2 - -4)
3
Calculate 2 + -5 + 2 + 0 - 4.
-5
Evaluate -1 + -2 + (-4 - -4).
-3
What is (-1 - (-2 + 0 + 1)) + 0?
0
8 - (-5 - -7 - -5)
1
Calculate -3 + 4 + (-1 - -2).
2
Evaluate 10 + -1 - 0 - (-113 - -117).
5
What is 96 - 90 - (-1 - (-2 + -11))?
-6
What is -1 + -2 + -4 - -5?
-2
What is the value of 7 + -4 + -3 + 0 - 0?
0
What is the value of 5 + 3 + (-7 - -6)?
7
What is 2 + 0 + -2 + (0 - -1)?
1
Calculate (2 - -7) + -9 + -1.
-1
What is the value of (-4 + -2 - 1) + (-2 - -4)?
-5
What is 12 + 4 + (-2 - 6) + -1?
7
(-5 + (-6 - -12) - -12) + -6
7
(11 + -3 - 2) + -5 + 4
5
1 + 6 + (-5 - (-6 - -3))
5
Evaluate (-5 - -8) + -1 + -7.
-5
What is 10 - (11 + 6 + -9)?
2
Evaluate 1 - (-1 - -2 - (0 - -3)).
3
What is the value of -9 - -4 - (-1 + -2)?
-2
Calculate -1 - 3 - (11 + -3 - 12).
0
What is 2 + -6 - (3 + -5 - 3)?
1
Calculate (20 - 17) + -11 + 1 - -3.
-4
What is the value of -7 - (-11 - (-10 - 1))?
-7
Evaluate -1 - (7 + -8 - 1).
1
What is the value of -5 - (0 - (0 + 4))?
-1
What is the value of 8 + (0 - -1) - 3?
6
What is (9 + -9 - -9) + -1?
8
What is 3 + (3 - 6) - 2?
-2
What is (-3 + 2 - 3) + (-23 - -19)?
-8
Evaluate 13 + -4 + -7 + (-1 - -5).
6
What is -1 + (-5 - (-5 - -4))?
-5
What is (15 - (-4 + 2 + 9)) + -5?
3
2 + -1 - (1 - 10 - -8)
2
What is the value of -8 + 12 - (-2 + 5)?
1
-139 + 139 + -1 + 3
2
(5 + (4 - 5) - -1) + -1
4
What is 3 - (2 - 2) - 7 - -7?
3
3 - (-12 + 10 + -2 + -2)
9
Calculate 1 + -1 + 4 - 6